 u(l) = -1160698*l**2 - 14 + 0*l + 11*l + 1160697*l**2. Suppose 4*d - 39 = -5*s, 36 = 3*d - 2*s - s. Determine u(d).
-14
Let l(t) = t**3 - 3*t**2 - t - 1. Let z be l(5). Let s = -45 + z. Let v be (-8)/(-2) + s*2. Let x(m) = 2*m**3 + m**2 - 2*m + 3. Give x(v).
19
Suppose -29 - 519 = -4*l. Let y = l + -140. Let o(j) = j**2 + 4*j**2 + j**3 - j**2 + 3. What is o(y)?
12
Let g(w) = -37*w**2 - 3*w - 32*w**2 - 33*w**2 - 2 + 96*w**2 + 2*w. What is g(3)?
-59
Let a be ((-154)/(-66))/(14/18). Let t(o) = -3*o**2 - 3*o + 1. Let j(n) = -4*n**2 - 3*n + 2. Let g(s) = 4*j(s) - 5*t(s). Determine g(a).
3
Let z(h) = -h**3 + 3*h**2 + 8*h. Let x be z(-3). Let g(a) = -30*a - x*a - 39*a + 87*a - a**2 - 12. What is g(-10)?
8
Let s = -2 + 3. Let x(l) = 6*l - 18544*l**2 + 9*l + s + 18547*l**2. Give x(-5).
1
Let s(w) be the first derivative of -19*w**4/2 - w**3/3 + w**2/2 + w - 1. Suppose -90*q - 52 = 87 - 49. Calculate s(q).
37
Let r(x) = 2*x + 2. Let c(t) = t + 14. Let w = -83 - -137. Suppose -5*j + 1 = h + w, 5*j = -2*h - 51. Let o be c(j). Give r(o).
8
Let d(i) be the second derivative of 0 + 6*i**2 - 1/6*i**3 + 94*i. Give d(5).
7
Let j = -149 - -153. Let c(q) = 2 + 1 + 9*q + j*q**2 + 5 - 3*q**2. Determine c(-8).
0
Let k(n) = n**3 + 83*n**2 + 78*n - 322. Let a be k(-82). Let w(g) = g**2 - 17*g + 18. Determine w(a).
-48
Let m = 10 - 21. Let f = m + 5. Let d(h) be the third derivative of h**6/120 + 7*h**5/60 + h**4/4 - h**3/2 - h**2 - 6390*h - 1. Calculate d(f).
-3
Let g(a) be the first derivative of -a**4/12 - 4*a**3/3 + 53*a**2 - 195. Let x(b) be the second derivative of g(b). Give x(-7).
6
Let z(c) = -c**3 + 5*c**2 + c. Let w be 6/39 - 60/52. Let m be (-3)/w - (-23 - -14). Let y be m/32 + 37/8. Determine z(y).
5
Let k(l) be the third derivative of l**6/120 - 13*l**5/60 + 3*l**4/4 + 13*l**3/2 - 3*l**2 + 342*l + 3. Determine k(11).
-5
Let m(g) = -g**2 + 1. Let n be m(-2). Suppose 3*f + 29 = 5*r, 5*f + 5*r = 2*r - 3. Let h = f - n. Let d(u) = -u**2 + 3. Give d(h).
3
Suppose 67*q - 202 = -135*q. Let k(o) be the first derivative of 18*o**2 - 11. Calculate k(q).
36
Let d(k) = -2*k**2 + 6*k + k**2 - 7*k + 15*k - 2*k - 12. Let p = 19 - 8. Let r be d(p). Let h(g) = -7*g**3 - 2*g**2 - g. Give h(r).
6
Suppose -3*m = -2*g + 215, -2*g = -2*m - 102 - 108. Let a = -97 + g. Let n(s) = -10 + 12 + s**a + s + 0*s**2 - 9*s**2. Determine n(9).
11
Let r(l) = l - 11. Let h(d) = d**2 - 46*d - 125. Let n(k) = -h(k) - r(k). What is n(48)?
-8
Suppose 11*w + 23*w - 884 = 0. Let n(t) = t**3 - 27*t**2 + 25*t + 20. Let p be n(w). Let j(s) = -s**2 - 8*s - 18. What is j(p)?
-6
Let s(y) = -1326 + 10*y**2 + 37*y - 2*y**2 - 6*y**2 - 3*y**2 + 1142. Calculate s(30).
26
Suppose 5*a = 71 - 1. Let o(t) = 13*t - a*t + 18*t**3 - 34*t**3. What is o(-1)?
17
Suppose 119*v + 149 = 982. Let b(s) = -6*s + 10. Give b(v).
-32
Let d(k) = 5*k - 11. Let t(x) = -55*x - 2086. Let n be t(-38). Calculate d(n).
9
Let r = -730 + 736. Let g be ((-10)/r)/(280/(-504)). Let n(o) = -3*o - 3. What is n(g)?
-12
Suppose 98*y + 98*y - 208*y - 132 = 0. Let d(b) = 8*b + 71. Give d(y).
-17
Let n(r) = 20 + 3*r + 196138*r**2 - 392266*r**2 + 196130*r**2. Give n(-7).
97
Let w = 468 - 456. Let i be (-5)/((-18)/w + 2). Let d(r) = -r - 24. What is d(i)?
-14
Let s(q) = 16*q - 12. Let r(f) = 4*f**2 - 55*f + 152. Let a be r(10). Determine s(a).
20
Let u(i) be the second derivative of i**5/20 - i**4/12 - i**3/3 + i**2 - 10*i + 54. Give u(2).
2
Let l(o) = -12*o**2. Let x be 0 + 2 + (2 + -3)*0. Suppose 3*s - x*s = a, 0 = a + 3*s + 8. Let j be ((-2)/a - -1)*(-10)/20. Calculate l(j).
-12
Let g be (560/70)/(-2 - (1 + -1)). Let z(o) = -3 - 7*o - 3 - 3 - 2*o**2 + 4. What is z(g)?
-9
Let h(u) = 5*u**3 - 6*u**2 - 3*u. Let l(g) = -2*g**3 + 3*g**2 + g. Let s(b) = 3*h(b) + 8*l(b). Let r be -2 - 8*2/(-2). Give s(r).
-6
Let p(x) be the first derivative of 6 + 0*x - 3/2*x**2. Calculate p(-5).
15
Let s be 5/1 - (-5)/(-5). Suppose -8*a + 4*a = k - 11, -5 = k - s*a. Let x(w) be the second derivative of -w**3/3 - w**2/2 - 172*w + 17. Determine x(k).
-7
Let j(v) be the second derivative of v**4/12 - 7*v**3/3 - v**2/2 - 306*v. Calculate j(15).
14
Let x(b) = -3*b**3 + 3*b**3 + 5*b**2 + b**3 + 6*b. Let h = 41313 - 41318. Determine x(h).
-30
Let l(j) = -j**3 + 5*j**2 + 6*j - 2. Let w(u) = -u - 5. Let t(g) = -10*g + 2. Let v be t(1). Let m be w(v). Let n be m + (-1 + 4)/1. Determine l(n).
-2
Let x(r) = -r**2 - 14*r - 18. Suppose 444 = 3*h + 480. Calculate x(h).
6
Let d(t) = 6*t + 83. Suppose -87 = 5*f - 3*q, -5*f - q - 133 = -62. What is d(f)?
-7
Let q(s) = -16*s - 20. Let r(p) = -8*p - 11. Let z(n) = 3*q(n) - 7*r(n). Let t(m) = -m - 1. Let o(a) = 5*t(a) + z(a). Calculate o(-8).
-12
Let u(y) = 3*y**3 - 7*y**2 + 178*y - 4*y**3 - 162*y - 35. Calculate u(-9).
-17
Let q(k) = -4*k**2 + 11*k + 22. Let z be q(-7). Let i = -256 - z. Let m(t) = t**2 + 6*t + 5. Give m(i).
0
Let a(g) = 43*g**3 + 2*g**2 + 9*g + 50. Let f(k) = -45*k**3 - 2*k**2 - 10*k - 54. Let s(h) = -13*a(h) - 12*f(h). Determine s(1).
-20
Let z(u) = 4*u + 5. Let c(t) = -12*t + 91. Suppose -10*i + 7*i + 24 = 0. Let g be c(i). Calculate z(g).
-15
Let w = -491 + 327. Let c = w - -158. Let t(v) = 5*v - 5. Let a(m) = 4*m - 4. Let y(p) = 4*a(p) - 3*t(p). Calculate y(c).
-7
Let k(q) = -11246 - 11246 + 22458 - 8*q. What is k(-12)?
62
Let p(r) = 3*r + 5. Let a(t) = -2*t - 36. Let b be a(-19). Suppose -b*m = -3*x - 16 - 3, 17 = m - 4*x. Suppose 0 = -m*v + 12*v + 35. Calculate p(v).
-10
Let k(w) = 26 - 2832*w + 2831*w - 3. Suppose -5*n + n = 0. Calculate k(n).
23
Let l(d) = -d**2 + 4*d + 12. Let q(w) = w**2 - 186*w + 901. Let p be q(5). Give l(p).
-20
Let a(m) = m**2 - 16*m - 7. Let c be a(17). Let w(f) = -19 + f + 11 + c. Determine w(3).
5
Let o(g) = -2*g**2 + 69*g + 999. Let z be o(-11). Let h(v) = -34*v - 51. Calculate h(z).
17
Let p(t) = t**3 + 6*t**2 + 5*t - 5. Suppose 3*n + 6 = 0, 3*x - 29 + 6 = 4*n. Suppose -71 = x*c - 46. What is p(c)?
-5
Let d(r) = 21*r - 62*r + 32*r + 12*r + 46. Calculate d(-23).
-23
Let t = 399 + -384. Suppose 27*i + 630 = -t*i. Let g(y) = -y**3 - 15*y**2 + y + 9. Determine g(i).
-6
Let j(a) = 13*a + 327. Let s be (60/90)/((-15)/585). What is j(s)?
-11
Let m(j) = -j**2 + 16*j + 17. Let z be (1 + 6 - 8) + 18. Determine m(z).
0
Let v(f) = -f**2 - 2*f + 5. Let o be v(-3). Let m(z) = 2*z**2 - 5 - 16*z + 15*z - z**o - z**3 + 2*z**3. What is m(0)?
-5
Let q(y) be the second derivative of -y**5/20 + 5*y**4/12 + y**3/2 + 3186*y. What is q(3)?
27
Let f(g) be the third derivative of g**5/12 + g**4/24 - g**2. Suppose -4*h = 5*w - 1558 - 140, 3*h - 675 = -2*w. Let o = w - 341. Give f(o).
6
Let h(q) be the first derivative of 3*q**2 + 28*q + 3828. Give h(-5).
-2
Let q(g) = -g**2 - 89*g - 1964. Let f be q(-48). Let a(w) = -8*w + 13. What is a(f)?
-19
Let m(o) = -2*o**3 - 50*o**2 + 53*o - 16. Let i(k) = -141*k + 4063. Let n be i(29). Give m(n).
-42
Let g(q) = -4*q**2 - 218*q + 336. Let c be g(-56). Let m(p) = -7*p**2 + 7. Calculate m(c).
7
Let u = 332 - 771. Let c = u + 445. Let d(k) = -k**2 + 8*k - 9. Calculate d(c).
3
Let y(q) = -q + 32. Let z be y(-23). Suppose -49*i - 36 = -z*i. Let f(b) = -b**2 + 9*b - 4. Determine f(i).
14
Suppose 25 = 18*i - 231 - 68. Let y(b) = b**2 - 19*b + 25. What is y(i)?
7
Let n(x) be the third derivative of -x**4/8 - 89*x**3/6 + 126*x**2 - 3. Determine n(-27).
-8
Let u(c) = c**3 - 18*c**2 - 19*c - 13. Suppose -221 = -33*m + 406. What is u(m)?
-13
Let i(b) = -2*b**3 + b**2 - 2*b. Let n = -81 - -125. Let r = 46 - n. Give i(r).
-16
Suppose 6*v = -2104 - 1826. Let p = -652 - v. Let u(b) = -b**3 + 5*b - 2. What is u(p)?
-14
Suppose -5*y - 4*t = 406, y + 95 = -3*t + 16. Let b = y + 92. Let g(c) = -c + 16. Let x be g(b). Let w(r) = -r**2 + 7*r - 3. Determine w(x).
3
Let h(t) = 3*t - 2. Suppose -33 + 9 = -i. Suppose -11*a = a + i. Give h(a).
-8
Let x(c) = 65*c**3 - 2*c**2 - 15*c - 14. Let u(m) = -54*m**3 + 16*m + 14. Let k(i) = -6*u(i) - 5*x(i). What is k(7)?
-14
Let r(m) = 1. Let y(x) = -3*x + 9. Let q = 108 - 103. Let k be 4/4*(2 - 3). Let h(c) = k*y(c) + q*r(c). Give h(-3).
-13
Let w(t) be the third derivative of -t**5/60 + 17*t**4/24 - 16*t**3/3 + 1586*t**2. Calculate w(17).
-32
Suppose 0 = -5*x - 0*x + 30. Let m(z) be the second derivative of 5*z**3/6 - 13*z**2 + 523*z. What is m(x)?